{"id":58,"date":"2025-02-25T18:55:01","date_gmt":"2025-02-25T17:55:01","guid":{"rendered":"https:\/\/bavarian-energy-group.com\/?page_id=58"},"modified":"2025-03-29T19:06:12","modified_gmt":"2025-03-29T18:06:12","slug":"getreide","status":"publish","type":"page","link":"https:\/\/bavarian-energy-group.com\/index.php\/getreide\/","title":{"rendered":"Getreide"},"content":{"rendered":"\n<figure class=\"wp-block-image size-large\"><img loading=\"lazy\" decoding=\"async\" width=\"1024\" height=\"288\" src=\"https:\/\/bavarian-energy-group.com\/wp-content\/uploads\/2025\/02\/Slider-4-1024x288.jpg\" alt=\"\" class=\"wp-image-38\" srcset=\"https:\/\/bavarian-energy-group.com\/wp-content\/uploads\/2025\/02\/Slider-4-1024x288.jpg 1024w, https:\/\/bavarian-energy-group.com\/wp-content\/uploads\/2025\/02\/Slider-4-300x84.jpg 300w, https:\/\/bavarian-energy-group.com\/wp-content\/uploads\/2025\/02\/Slider-4-768x216.jpg 768w, https:\/\/bavarian-energy-group.com\/wp-content\/uploads\/2025\/02\/Slider-4-1536x432.jpg 1536w, https:\/\/bavarian-energy-group.com\/wp-content\/uploads\/2025\/02\/Slider-4.jpg 2000w\" sizes=\"auto, (max-width: 1024px) 100vw, 1024px\" \/><\/figure>\n\n\n\n<p style=\"line-height:1.3\">Ein wesentlicher Schwerpunkt unserer Gesch\u00e4ftst\u00e4tigkeit liegt auf dem Handel mit landwirtschaftlichen Produkten, insbesondere Getreide, mit besonderem Schwerpunkt auf Weizen. <\/p>\n\n\n\n<hr class=\"wp-block-separator has-alpha-channel-opacity\" style=\"margin-top:var(--wp--preset--spacing--30);margin-bottom:var(--wp--preset--spacing--30)\"\/>\n\n\n\n<p style=\"line-height:1.3\">Wir arbeiten mit vielen gro\u00dfen aus der Branche zusammen.  Durch unsere Internationalen Kontakte sorgen wir f\u00fcr eine au\u00dfergew\u00f6hnliche Expertise im Getreidehandel und eine zuverl\u00e4ssigen Lieferkette. Wir gew\u00e4hrleisten qualitativ hochwertige Lieferungen, sodass wir unseren Kunden stets die besten Produkte liefern k\u00f6nnen. Gemeinsam bauen wir starke Verbindungen auf, die auf Qualit\u00e4t und Vertrauen basieren. \u00b7 Unsere Handelsaktivit\u00e4ten basieren auf Qualit\u00e4t, Zuverl\u00e4ssigkeit und langfristigen Partnerschaften.<\/p>\n\n\n\n<hr class=\"wp-block-separator has-alpha-channel-opacity\" style=\"margin-top:var(--wp--preset--spacing--30);margin-bottom:var(--wp--preset--spacing--30)\"\/>\n\n\n\n<p>Fragen Sie uns einfach an.<\/p>\n\n\n\n<p><\/p>\n","protected":false},"excerpt":{"rendered":"<p>Ein wesentlicher Schwerpunkt unserer Gesch\u00e4ftst\u00e4tigkeit liegt auf dem Handel mit landwirtschaftlichen Produkten, insbesondere Getreide, mit besonderem Schwerpunkt auf Weizen. Wir arbeiten mit vielen gro\u00dfen aus der Branche zusammen. Durch unsere Internationalen Kontakte sorgen wir f\u00fcr eine au\u00dfergew\u00f6hnliche Expertise im Getreidehandel<\/p>\n","protected":false},"author":1,"featured_media":0,"parent":0,"menu_order":31,"comment_status":"closed","ping_status":"closed","template":"","meta":{"footnotes":""},"class_list":["post-58","page","type-page","status-publish","hentry","","tg-column-two"],"jetpack_sharing_enabled":true,"_links":{"self":[{"href":"https:\/\/bavarian-energy-group.com\/index.php\/wp-json\/wp\/v2\/pages\/58","targetHints":{"allow":["GET"]}}],"collection":[{"href":"https:\/\/bavarian-energy-group.com\/index.php\/wp-json\/wp\/v2\/pages"}],"about":[{"href":"https:\/\/bavarian-energy-group.com\/index.php\/wp-json\/wp\/v2\/types\/page"}],"author":[{"embeddable":true,"href":"https:\/\/bavarian-energy-group.com\/index.php\/wp-json\/wp\/v2\/users\/1"}],"replies":[{"embeddable":true,"href":"https:\/\/bavarian-energy-group.com\/index.php\/wp-json\/wp\/v2\/comments?post=58"}],"version-history":[{"count":10,"href":"https:\/\/bavarian-energy-group.com\/index.php\/wp-json\/wp\/v2\/pages\/58\/revisions"}],"predecessor-version":[{"id":397,"href":"https:\/\/bavarian-energy-group.com\/index.php\/wp-json\/wp\/v2\/pages\/58\/revisions\/397"}],"wp:attachment":[{"href":"https:\/\/bavarian-energy-group.com\/index.php\/wp-json\/wp\/v2\/media?parent=58"}],"curies":[{"name":"wp","href":"https:\/\/api.w.org\/{rel}","templated":true}]}}